s(p). Let c = 3 - 1. Let l(a) = -a**3 + 4*a**2 - 4*a + 3. Let w be l(c). Determine v(w).
-4
Let x(b) be the first derivative of -1 + 4*b**2 + 1/3*b**3 + 5*b. Give x(-4).
-11
Suppose 0*m - 10 = 5*m. Let a(y) = y**3 - y - 1. Let l(v) = v**3 - 3*v - 2. Let s(o) = m*a(o) + l(o). Give s(-1).
2
Let y(k) = k**3 + 2*k**2 - 2*k - 1. Suppose 4*a = -4*m - 24, m - 4*a = -3*m. What is y(m)?
-4
Let w(i) = -i - 2. Let k(m) = -4*m - 9. Let r(y) = -2*k(y) + 9*w(y). Give r(-9).
9
Let z(o) be the second derivative of -o**5/60 + 5*o**4/24 - 2*o**3/3 - 5*o**2/2 - 5*o. Let g(j) be the first derivative of z(j). Calculate g(5).
-4
Let j(o) be the third derivative of 0*o + 2*o**2 - 1/60*o**5 + 1/24*o**4 + 1/6*o**3 + 0. Let t = -3 + 6. What is j(t)?
-5
Let k(w) = w**3 + 5*w**2 - 6*w - 3. Let q(m) = -m**2 - 2*m - 3. Let h be (-2)/(-2 - 0) + -4. Let y be q(h). What is k(y)?
-3
Let h(c) = -c**3 + 6*c**2 - 3*c - 2. Let n(m) = -8*m + 69. Let b be n(8). Give h(b).
8
Let j(l) = -l**3 + 6*l**2 - l + 11. Let w be j(6). Let b(t) = t**2 + t. Let f(v) = -3*v**2 + 2*v + 4. Let a(i) = 2*b(i) + f(i). Give a(w).
-1
Let z(x) be the first derivative of -x**2/2 - 6*x + 1. Let k(t) = 2*t - t - t - 2*t + 15. Let g be k(10). Determine z(g).
-1
Let v(k) = -3*k**2 + 1. Let b(x) = 4*x - 5. Let p(i) = -i + 1. Let g(f) = b(f) + 2*p(f). Let n(s) = s**2 + s + 2. Let u be n(0). Let r be g(u). Determine v(r).
-2
Let j = 7 - 4. Let f(g) = g**j - 4*g**2 + 4*g + 0*g**2 - 3*g. Let k be f(4). Let v(q) = q**3 - 3*q**2 - 4*q. Determine v(k).
0
Let n(b) = b**3 + 3*b**2 + b - 4. Let z be (-70)/(-14)*(2/5 - 1). Determine n(z).
-7
Suppose 4*k = 84 - 36. Suppose g = -2*g + k. Suppose s = 5*s + 2*b + 18, g*s + b + 17 = 0. Let m(x) = x**2 + 4*x + 4. What is m(s)?
4
Let r(z) be the first derivative of -z**3/3 + z**2/2 - z + 2. Let s be r(0). Let m(l) = 3*l**3 + l. What is m(s)?
-4
Let l(v) = -2 + 2*v - 3*v + 3. Let c be (-3)/6 - (-9)/2. Give l(c).
-3
Let y(t) = -t**3 + 2*t**2 - 4*t - 3. Let m(k) = -3*k**3 + 5*k**2 - 11*k - 10. Let f(j) = 3*m(j) - 8*y(j). Calculate f(0).
-6
Let k(d) = -1 - 2*d - d + 2*d - 3. What is k(-5)?
1
Let y(q) = q**3 + 2*q - 1. Let n be y(1). Suppose -5*x + 20 = -3*z, x + 4*z = 3 + 1. Let m(t) = -t + 6 + 2*t - t**3 - t**n - x*t**2. Calculate m(-5).
1
Suppose -5 = 5*o - 2*d, -4*o + d - 2 = -d. Let q(w) = -3*w + 2. Calculate q(o).
11
Let j(h) = 11*h + 1. Let t(g) = -23*g - 2. Let x(r) = -14*j(r) - 6*t(r). Let z(i) = -5*i - 1. Let u(s) = -2*x(s) + 7*z(s). Determine u(-5).
12
Let j = 6 - 3. Suppose -2*o - c - 15 = 0, -o + 3 + 7 = -j*c. Let m(a) = -6*a - 3. Let l(k) = -17*k - 9. Let z(s) = 4*l(s) - 11*m(s). Determine z(o).
7
Let a(h) be the first derivative of -h**2/2 + 2*h + 10. What is a(5)?
-3
Let m = -16 + 17. Let x(u) = -5*u**3 - 2*u + 1. What is x(m)?
-6
Let u(y) be the first derivative of 1/4*y**4 + 7/3*y**3 - 3 + 3*y**2 - 5*y. What is u(-6)?
-5
Let s(p) = -2*p + 2. Let f = -7 - -2. Let m = f - -8. Let l(x) = -4*x + 3. Let i(h) = m*l(h) - 5*s(h). Give i(-4).
7
Let b(y) = -3*y**3 - 33*y**2 - 26*y - 9. Let l(j) = -j**3 - 11*j**2 - 9*j - 3. Let f(t) = -2*b(t) + 7*l(t). Determine f(-10).
7
Let g(w) be the first derivative of w + 3 - 3/2*w**2. Suppose 3*d = -j - j + 2, 2*j + d + 2 = 0. Calculate g(j).
7
Suppose d - 1 = -o + 4, -5*o - 15 = -3*d. Suppose 0 = -5*z + 2*f + 15, o = -3*z - 2*z - 3*f + 15. Let x(i) = 5 + 4*i**2 + i + 0 + 2*i**2 + i**z + 1. Give x(-6).
0
Let o(n) be the third derivative of n**5/60 - 3*n**3/2 - 28*n**2. Suppose 5*v = v. Determine o(v).
-9
Suppose -k = -2 - 1. Suppose -6 = -k*z, 0*g - g - 4*z = -7. Let x(r) = 4*r**2 + r. What is x(g)?
3
Let w(c) = -c**3 + 7*c**2 - 5*c - 4. Let j be w(6). Let d(x) = -x**j - 2*x**3 - x + x**2. Give d(1).
-3
Let a(h) = h**3 - 5*h**2 - 9*h + 8. Let b = -25 + 31. Give a(b).
-10
Let f(i) = i**3 - 5*i**2 + 4*i + 2. Suppose 5*k - 6 = 2*k. Let q be (-36)/(-10) + k/5. Give f(q).
2
Let v(s) be the second derivative of -s**4/12 + 7*s**3/6 - 5*s**2/2 - 8*s. Give v(6).
1
Suppose -204*o + 198*o = -24. Let g(l) be the second derivative of -2*l + 1/12*l**o + 0*l**2 - 1/3*l**3 + 0. Give g(2).
0
Let p be (-6)/(-4)*1*2. Suppose -p = -2*a - 5. Let z(v) = v + 1. What is z(a)?
0
Suppose 3*a + 0 = -3. Let r(l) = -7*l - l**2 + 1 + 6*l + 0*l**2. Calculate r(a).
1
Let a(k) = k**3 - 5*k**2 - k + 2. Let d(z) = -10*z + 2. Let w be d(2). Let m be (-4)/(-8) + w/(-4). Calculate a(m).
-3
Let v = -1 - 2. Let o be 15/6 + (-1)/(-2). Let g(w) = 1 + w**3 + 1 + 3*w + 2 - 2 + o*w**2. Give g(v).
-7
Let i(g) = g - 1. Let v = 37 - 31. Give i(v).
5
Let v = 5 - -1. Let k(a) = 1 - v - 4*a + 1. Determine k(-4).
12
Suppose 3*r - r = 2. Suppose 10 = 2*z + 3*z. Let i(x) = 3*x**2 - 5*x**z - 1 + 0*x**2. Give i(r).
-3
Let r(i) be the first derivative of -i**2 + 15. Calculate r(6).
-12
Let n(m) be the third derivative of m**6/120 - m**4/24 + m**3/6 + m**2. Suppose 0 = -4*q + 12, -q - 2*q = -2*u - 5. Let k = 0 - u. Give n(k).
-5
Let p(g) = g**3 - 5*g**2 + 6*g - 6. Let s be p(4). Let r be (-2)/(-4) - 1/s. Let i(f) = 2*f**3 - f**3 - 3 + 4*f**2 + r*f**3. Give i(-4).
-3
Let b(p) = p**3 - 4*p**2 + 93 + 87 - 177 + 0*p**3. Determine b(3).
-6
Let a(n) = 2*n + 4*n - 23 + 23. Suppose 2*m = 7 - 1. Suppose 0*w - 3*w = m. What is a(w)?
-6
Let q be (-2 - (-5)/2)*-10. Let k(j) = -j**2 - 3*j - 3. Let t be 11/(0 + -2 + 1). Let r(i) = -5*i**2 - 14*i - 14. Let c(g) = t*k(g) + 2*r(g). Determine c(q).
5
Let c(p) = -p - 2. Let d(f) = -3*f - 35. Let y be d(-14). Give c(y).
-9
Let b(z) = -z**3 + 8*z**2 - 3. Let h = -11 - -19. What is b(h)?
-3
Suppose -2*z = 12 - 24. Let a(x) = -x**3 + 5*x**2 + x + 8. Give a(z).
-22
Let y(g) = -5*g**2 - 16*g - 14*g + 28*g - 3. Determine y(-2).
-19
Let c(y) be the first derivative of y**5/60 + y**4/24 + y**3/3 + 2. Let t(q) be the third derivative of c(q). Let x = 2 - 3. Give t(x).
-1
Let n(b) be the third derivative of -b**4/24 - 11*b**3/6 - 36*b**2. Determine n(0).
-11
Let c(j) = 5*j**3 + j**2 - 5*j - 1. Let x(d) = -4*d**3 + 4*d. Let p(y) = -5*c(y) - 6*x(y). Calculate p(-5).
0
Let l(t) = -8*t - 5 - 3 + 6*t - 12. Let k be l(-8). Let z(x) be the first derivative of 3*x**2/2 - x + 1. Calculate z(k).
-13
Let n(v) = -1 + 0 + 0 + v. Let z = -71 + 65. Calculate n(z).
-7
Let g(j) = j**2 + 4*j - 1. Suppose z + 5 = -0*z. Calculate g(z).
4
Suppose 3*b - 9 = 3*w, -w = 3*b - 8 - 1. Let s(t) = -2*t + 3. What is s(b)?
-3
Let f(s) = s**2 + 7*s + 6. Let x = 8 + -4. Suppose 29 = -5*c + 2*y, 5 = x*y - 3. Give f(c).
-4
Let k(h) = -1. Let m(l) = 2*l - 5. Let n(y) = 4*k(y) - m(y). What is n(2)?
-3
Let u(g) = -g. Let o(j) = j**2 - 4*j + 13. Let q(l) = o(l) + 6*u(l). Give q(9).
4
Let o(g) = -2 - 3*g**3 + 4*g**2 + 0*g**2 + 7 + 2*g**3. What is o(4)?
5
Let z(k) be the second derivative of 0 - 4*k + 1/12*k**4 + 0*k**3 - 3*k**2. Give z(0).
-6
Let v(t) be the second derivative of t**3/6 - t**2/2 - 3*t. Calculate v(-6).
-7
Let v(o) be the first derivative of o**2 + 5*o - 3. Determine v(6).
17
Let i(d) = -2*d**2 + d - 2. Let x = 9 - 11. What is i(x)?
-12
Let f = 4 - 2. Let o(z) = 2*z**3 + 0*z**f + 3 - z**2 - 2. Let k = -16 + 15. Calculate o(k).
-2
Let c(s) = -s + 4. Let l = -19 - -19. Suppose -2*d + 0*d + 6 = l. What is c(d)?
1
Let f(c) = -5*c**3 + 7*c**2 + 7*c + 4. Let s(n) = n**3 - n + 1. Let m(w) = -f(w) - 6*s(w). Suppose 0 = l + 4*q + 23, q + 4*q = -4*l - 48. Give m(l).
-3
Let p(r) = r**2 - 4*r + 3. Let n = 5 - 0. Calculate p(n).
8
Let z(c) be the third derivative of 0*c + 1/60*c**5 + 1/3*c**3 - 1/4*c**4 - c**2 + 0. Give z(4).
-6
Let j(r) be the second derivative of -r**5/60 - r**4/8 + r**3/2 + 3*r. Let a(f) be the second derivative of j(f). Give a(3).
-9
Let v(i) be the first derivative of -7*i**3/3 + i + 6. Determine v(-1).
-6
Let r(n) = 4*n - 1 + 3*n - 6*n - 3*n. Give r(7).
-15
Let w(b) = 6*b**2 + b - 5. Let d(p) = 5*p**2 + p - 5. Let o(i) = -5*d(i) + 4*w(i). Determine o(0).
5
Suppose -5*r = 2 - 7. Let i(b) be the third derivative of 1/60*b**6 + 0*b**5 + 0 - 1/6*b**3 + 0*b + b**2 + 1/24*b**4. Give i(r).
2
Let h(x) = 5*x + 1. Let t(b) be the third derivative of b**4/24 + b**3 - b**2. Let p be t(-5). Suppose n + 13 = -3*y - p, -18 = n + 4*y. Give h(n).
-9
Let s(o) = -o - 5. Suppose -2*v + 16 = 2*v. Suppose 1 + v = 5*h. Let a be -3 + 1 - 4/h. Calculate s(a).
1
Let v(j) = -j. Let y be v(4). Let c(w) = w**2